{"id":126,"date":"2019-02-20T15:42:08","date_gmt":"2019-02-20T14:42:08","guid":{"rendered":"http:\/\/alterama.fr\/?page_id=126"},"modified":"2024-06-13T11:01:03","modified_gmt":"2024-06-13T09:01:03","slug":"contactez-nous","status":"publish","type":"page","link":"https:\/\/www.alterama.fr\/index.php\/contactez-nous\/","title":{"rendered":"Nous contacter"},"content":{"rendered":"\n<p><strong>Courriel :<\/strong> <a href=\"mailto:contact@alterama.fr\">contact@alterama.fr<\/a><\/p>\n\n\n\n<p><strong>T\u00e9l\u00e9phone :<\/strong> <a href=\"tel:+33615920380\">06 15 92 03 80<\/a><\/p>\n\n\n\n<p><strong>Adresse :<\/strong> <a href=\"https:\/\/www.google.com\/maps\/place\/Alterama\/@50.6559507,3.1018255,15z\/data=!4m14!1m7!3m6!1s0x47c329e48b1ef3b9:0x2fbf90f7c1b6068f!2sAlterama!8m2!3d50.6559507!4d3.1018255!16s%2Fg%2F11fk48m4gr!3m5!1s0x47c329e48b1ef3b9:0x2fbf90f7c1b6068f!8m2!3d50.6559507!4d3.1018255!16s%2Fg%2F11fk48m4gr?entry=ttu\">Parc des Rouges Barres, 6 rue Marcel Dassault &#8211; B\u00e2t. 3 &#8211; 59700 MARCQ EN BAROEUL<\/a><\/p>\n","protected":false},"excerpt":{"rendered":"<p>Courriel : contact@alterama.fr T\u00e9l\u00e9phone : 06 15 92 03 80 Adresse : Parc des Rouges Barres, 6 rue Marcel Dassault &#8211; B\u00e2t. 3 &#8211; 59700 MARCQ EN BAROEUL<\/p>\n","protected":false},"author":1,"featured_media":0,"parent":0,"menu_order":6,"comment_status":"closed","ping_status":"closed","template":"page-templates\/contact.php","meta":{"footnotes":""},"yoast_head":"<!-- This site is optimized with the Yoast SEO plugin v20.4 - https:\/\/yoast.com\/wordpress\/plugins\/seo\/ -->\n<title>Nous contacter - Alterama.fr<\/title>\n<meta name=\"robots\" content=\"index, follow, max-snippet:-1, max-image-preview:large, max-video-preview:-1\" \/>\n<link rel=\"canonical\" href=\"https:\/\/www.alterama.fr\/index.php\/contactez-nous\/\" \/>\n<meta property=\"og:locale\" content=\"fr_FR\" \/>\n<meta property=\"og:type\" content=\"article\" \/>\n<meta property=\"og:title\" content=\"Nous contacter - Alterama.fr\" \/>\n<meta property=\"og:description\" content=\"Courriel : contact@alterama.fr T\u00e9l\u00e9phone : 06 15 92 03 80 Adresse : Parc des Rouges Barres, 6 rue Marcel Dassault &#8211; B\u00e2t. 3 &#8211; 59700 MARCQ EN BAROEUL\" \/>\n<meta property=\"og:url\" content=\"https:\/\/www.alterama.fr\/index.php\/contactez-nous\/\" \/>\n<meta property=\"og:site_name\" content=\"Alterama.fr\" \/>\n<meta property=\"article:publisher\" content=\"https:\/\/www.facebook.com\/alteramaconseil\" \/>\n<meta property=\"article:modified_time\" content=\"2024-06-13T09:01:03+00:00\" \/>\n<meta property=\"og:image\" content=\"https:\/\/www.alterama.fr\/wp-content\/uploads\/2019\/02\/Capture-d\u2019e\u0301cran-2019-02-20-a\u0300-15.51.09.png\" \/>\n\t<meta property=\"og:image:width\" content=\"2990\" \/>\n\t<meta property=\"og:image:height\" content=\"454\" \/>\n\t<meta property=\"og:image:type\" content=\"image\/png\" \/>\n<meta name=\"twitter:card\" content=\"summary_large_image\" \/>\n<meta name=\"twitter:label1\" content=\"Dur\u00e9e de lecture estim\u00e9e\" \/>\n\t<meta name=\"twitter:data1\" content=\"1 minute\" \/>\n<script type=\"application\/ld+json\" class=\"yoast-schema-graph\">{\"@context\":\"https:\/\/schema.org\",\"@graph\":[{\"@type\":\"WebPage\",\"@id\":\"https:\/\/www.alterama.fr\/index.php\/contactez-nous\/\",\"url\":\"https:\/\/www.alterama.fr\/index.php\/contactez-nous\/\",\"name\":\"Nous contacter - Alterama.fr\",\"isPartOf\":{\"@id\":\"https:\/\/www.alterama.fr\/#website\"},\"datePublished\":\"2019-02-20T14:42:08+00:00\",\"dateModified\":\"2024-06-13T09:01:03+00:00\",\"breadcrumb\":{\"@id\":\"https:\/\/www.alterama.fr\/index.php\/contactez-nous\/#breadcrumb\"},\"inLanguage\":\"fr-FR\",\"potentialAction\":[{\"@type\":\"ReadAction\",\"target\":[\"https:\/\/www.alterama.fr\/index.php\/contactez-nous\/\"]}]},{\"@type\":\"BreadcrumbList\",\"@id\":\"https:\/\/www.alterama.fr\/index.php\/contactez-nous\/#breadcrumb\",\"itemListElement\":[{\"@type\":\"ListItem\",\"position\":1,\"name\":\"Accueil\",\"item\":\"https:\/\/www.alterama.fr\/\"},{\"@type\":\"ListItem\",\"position\":2,\"name\":\"Nous contacter\"}]},{\"@type\":\"WebSite\",\"@id\":\"https:\/\/www.alterama.fr\/#website\",\"url\":\"https:\/\/www.alterama.fr\/\",\"name\":\"Alterama\",\"description\":\"\",\"publisher\":{\"@id\":\"https:\/\/www.alterama.fr\/#organization\"},\"potentialAction\":[{\"@type\":\"SearchAction\",\"target\":{\"@type\":\"EntryPoint\",\"urlTemplate\":\"https:\/\/www.alterama.fr\/?s={search_term_string}\"},\"query-input\":\"required name=search_term_string\"}],\"inLanguage\":\"fr-FR\"},{\"@type\":\"Organization\",\"@id\":\"https:\/\/www.alterama.fr\/#organization\",\"name\":\"ALTERAMA\",\"url\":\"https:\/\/www.alterama.fr\/\",\"logo\":{\"@type\":\"ImageObject\",\"inLanguage\":\"fr-FR\",\"@id\":\"https:\/\/www.alterama.fr\/#\/schema\/logo\/image\/\",\"url\":\"https:\/\/www.alterama.fr\/wp-content\/uploads\/2019\/02\/Capture-d\u2019e\u0301cran-2019-02-20-a\u0300-15.51.09.png\",\"contentUrl\":\"https:\/\/www.alterama.fr\/wp-content\/uploads\/2019\/02\/Capture-d\u2019e\u0301cran-2019-02-20-a\u0300-15.51.09.png\",\"width\":2990,\"height\":454,\"caption\":\"ALTERAMA\"},\"image\":{\"@id\":\"https:\/\/www.alterama.fr\/#\/schema\/logo\/image\/\"},\"sameAs\":[\"https:\/\/www.facebook.com\/alteramaconseil\",\"https:\/\/www.linkedin.com\/company\/alterama\"]}]}<\/script>\n<!-- \/ Yoast SEO plugin. -->","yoast_head_json":{"title":"Nous contacter - Alterama.fr","robots":{"index":"index","follow":"follow","max-snippet":"max-snippet:-1","max-image-preview":"max-image-preview:large","max-video-preview":"max-video-preview:-1"},"canonical":"https:\/\/www.alterama.fr\/index.php\/contactez-nous\/","og_locale":"fr_FR","og_type":"article","og_title":"Nous contacter - Alterama.fr","og_description":"Courriel : contact@alterama.fr T\u00e9l\u00e9phone : 06 15 92 03 80 Adresse : Parc des Rouges Barres, 6 rue Marcel Dassault &#8211; B\u00e2t. 3 &#8211; 59700 MARCQ EN BAROEUL","og_url":"https:\/\/www.alterama.fr\/index.php\/contactez-nous\/","og_site_name":"Alterama.fr","article_publisher":"https:\/\/www.facebook.com\/alteramaconseil","article_modified_time":"2024-06-13T09:01:03+00:00","og_image":[{"width":2990,"height":454,"url":"https:\/\/www.alterama.fr\/wp-content\/uploads\/2019\/02\/Capture-d\u2019e\u0301cran-2019-02-20-a\u0300-15.51.09.png","type":"image\/png"}],"twitter_card":"summary_large_image","twitter_misc":{"Dur\u00e9e de lecture estim\u00e9e":"1 minute"},"schema":{"@context":"https:\/\/schema.org","@graph":[{"@type":"WebPage","@id":"https:\/\/www.alterama.fr\/index.php\/contactez-nous\/","url":"https:\/\/www.alterama.fr\/index.php\/contactez-nous\/","name":"Nous contacter - Alterama.fr","isPartOf":{"@id":"https:\/\/www.alterama.fr\/#website"},"datePublished":"2019-02-20T14:42:08+00:00","dateModified":"2024-06-13T09:01:03+00:00","breadcrumb":{"@id":"https:\/\/www.alterama.fr\/index.php\/contactez-nous\/#breadcrumb"},"inLanguage":"fr-FR","potentialAction":[{"@type":"ReadAction","target":["https:\/\/www.alterama.fr\/index.php\/contactez-nous\/"]}]},{"@type":"BreadcrumbList","@id":"https:\/\/www.alterama.fr\/index.php\/contactez-nous\/#breadcrumb","itemListElement":[{"@type":"ListItem","position":1,"name":"Accueil","item":"https:\/\/www.alterama.fr\/"},{"@type":"ListItem","position":2,"name":"Nous contacter"}]},{"@type":"WebSite","@id":"https:\/\/www.alterama.fr\/#website","url":"https:\/\/www.alterama.fr\/","name":"Alterama","description":"","publisher":{"@id":"https:\/\/www.alterama.fr\/#organization"},"potentialAction":[{"@type":"SearchAction","target":{"@type":"EntryPoint","urlTemplate":"https:\/\/www.alterama.fr\/?s={search_term_string}"},"query-input":"required name=search_term_string"}],"inLanguage":"fr-FR"},{"@type":"Organization","@id":"https:\/\/www.alterama.fr\/#organization","name":"ALTERAMA","url":"https:\/\/www.alterama.fr\/","logo":{"@type":"ImageObject","inLanguage":"fr-FR","@id":"https:\/\/www.alterama.fr\/#\/schema\/logo\/image\/","url":"https:\/\/www.alterama.fr\/wp-content\/uploads\/2019\/02\/Capture-d\u2019e\u0301cran-2019-02-20-a\u0300-15.51.09.png","contentUrl":"https:\/\/www.alterama.fr\/wp-content\/uploads\/2019\/02\/Capture-d\u2019e\u0301cran-2019-02-20-a\u0300-15.51.09.png","width":2990,"height":454,"caption":"ALTERAMA"},"image":{"@id":"https:\/\/www.alterama.fr\/#\/schema\/logo\/image\/"},"sameAs":["https:\/\/www.facebook.com\/alteramaconseil","https:\/\/www.linkedin.com\/company\/alterama"]}]}},"_links":{"self":[{"href":"https:\/\/www.alterama.fr\/index.php\/wp-json\/wp\/v2\/pages\/126"}],"collection":[{"href":"https:\/\/www.alterama.fr\/index.php\/wp-json\/wp\/v2\/pages"}],"about":[{"href":"https:\/\/www.alterama.fr\/index.php\/wp-json\/wp\/v2\/types\/page"}],"author":[{"embeddable":true,"href":"https:\/\/www.alterama.fr\/index.php\/wp-json\/wp\/v2\/users\/1"}],"replies":[{"embeddable":true,"href":"https:\/\/www.alterama.fr\/index.php\/wp-json\/wp\/v2\/comments?post=126"}],"version-history":[{"count":43,"href":"https:\/\/www.alterama.fr\/index.php\/wp-json\/wp\/v2\/pages\/126\/revisions"}],"predecessor-version":[{"id":1364,"href":"https:\/\/www.alterama.fr\/index.php\/wp-json\/wp\/v2\/pages\/126\/revisions\/1364"}],"wp:attachment":[{"href":"https:\/\/www.alterama.fr\/index.php\/wp-json\/wp\/v2\/media?parent=126"}],"curies":[{"name":"wp","href":"https:\/\/api.w.org\/{rel}","templated":true}]}}